4 + -12*12/(-18) - -26. What is the highest common divisor of j and 1007?
19
Let w be (20/(-8))/(1/(-22)*1). Suppose c + 12 = 23. What is the highest common divisor of c and w?
11
Suppose -153*c + 399990 = 138819. What is the highest common factor of 3 and c?
3
Suppose -4*p + 6*p - 90 = 0. Suppose 2*w = 7*w - p. Let g be 0 + (-7)/7 + 73*1. Calculate the greatest common divisor of g and w.
9
Let y = -520 - -604. What is the greatest common factor of y and 1092?
84
Let z be (-33)/(-88) + (-153)/24. Let u = z - -38. Let v be (-4)/(-5)*(-3 - -8). Calculate the highest common factor of u and v.
4
Suppose 0 = 79*z + 543 - 3387. Calculate the highest common divisor of 10380 and z.
12
Let n(j) = 109*j - 5877. Let o be n(54). Let i(t) = t**3 - 4*t**2 - 9*t + 6. Let w be i(6). Let x = w + 39. Calculate the highest common divisor of o and x.
9
Suppose -580*z + 592*z = 1920. Calculate the highest common factor of 1000 and z.
40
Suppose 3*g + 0*r - 366 = -2*r, -122 = -g - 4*r. Suppose -8*m - 60 = -38*m. What is the greatest common divisor of m and g?
2
Let p be (16/6)/((-2)/(-45)). Let t(y) = -2*y**2 - 16*y + 4. Let x be t(-1). What is the greatest common divisor of p and x?
6
Let n(x) = 73*x + 451. Let s be n(-6). Let r(p) = 24*p**2 - 2*p - 1. Let b be r(2). What is the highest common factor of s and b?
13
Let k(q) = q**2 - 3*q + 1. Let s be (-3)/((-9)/(-11))*3. Let b be k(s). Suppose 2314 = 81*v - 197. Calculate the greatest common factor of b and v.
31
Let p(k) = -1470*k + 689. Let n be p(-1). Calculate the greatest common divisor of 127 and n.
127
Let v be 1348 + 6/(-3) - (-119 - -120). What is the greatest common factor of 25 and v?
5
Suppose 0 = -l + 155 - 115. Let y be (-1)/5 + 13356/30 + -5. What is the highest common divisor of l and y?
40
Let c(i) = 5*i - 1. Let z be c(5). Suppose -30*r + 2 = -28. Let s be 21/r*z/36. What is the highest common divisor of s and 2?
2
Suppose 47102 = 40*x - 176058. Calculate the greatest common divisor of x and 35.
7
Suppose 3*q - 396 = 420. Let t(l) = -l + 11. Let h be t(-5). What is the highest common divisor of h and q?
16
Let j be 57*-1*(-517)/141. Calculate the greatest common divisor of j and 22.
11
Suppose 12*x + 2*x = 5*v + 3165, v = -3. Calculate the greatest common factor of 50 and x.
25
Let y be 1 + -2 + 0 - 350/(-14). Let r be 370 + -4*(-2)/y*-3. Let j be (-61)/(-5) - (-8 + r/45). What is the highest common divisor of 24 and j?
12
Let s(h) = -h**3 + 19*h**2 + 41*h + 2. Let x be s(-4). Let f = x - 189. What is the greatest common divisor of f and 102?
17
Let m(v) = 118*v - 219. Let y be m(2). What is the greatest common factor of y and 3961?
17
Suppose 7999 + 513 = f + 2*r, 17025 = 2*f + 3*r. What is the highest common factor of f and 198?
198
Let n be (-4)/10 + 708/20. Let r = -798 + 818. Calculate the greatest common divisor of r and n.
5
Suppose 9911 = 6*j - 7987. Calculate the highest common factor of 95 and j.
19
Let h(n) = -7 + 7*n - 7 - 13*n. Let z be h(-7). Calculate the highest common factor of 154 and z.
14
Let c(k) = k**2 - 6*k + 6. Let m be c(5). Suppose m = -4*w + 21. Let s = -2935 + 3030. Calculate the greatest common divisor of w and s.
5
Let p = -2988 - -7398. Calculate the highest common divisor of p and 252.
126
Suppose 5*n - 5*b = 157 - 1357, -744 = 3*n + 3*b. Let v be n/(-3)*1155/140. What is the highest common divisor of 61 and v?
61
Suppose g + 9 = 4*g. Suppose -30*m = -66 - 24. Suppose 65*r = m*r + 248. Calculate the greatest common factor of r and g.
1
Let n = -237 + 239. Let r be ((-420)/245)/(1/(-49)*n). What is the highest common factor of r and 7?
7
Suppose -85*x + 6 = -83*x. Let w be x/2*16/3. What is the highest common factor of w and 1?
1
Let m(f) = 21*f - 330. Suppose 713 = -9*y + 40*y. Let k be m(y). Calculate the greatest common factor of k and 17.
17
Suppose -4*a + 5*p = -13 - 3, -5*a - 5*p = -65. Let h be -10*(-3)/(-6) - (-15 + a). Calculate the greatest common divisor of 89 and h.
1
Suppose 157 + 149 = 4*k - 2*l, -k - 5*l = -82. What is the greatest common divisor of 12551 and k?
77
Let n = 24781 + -23413. Calculate the greatest common factor of n and 133.
19
Let t be 4/(-10) + ((-128)/20)/(-1). Suppose 79*y - 3876 = 41*y. Calculate the highest common factor of y and t.
6
Let w = 20089 + -19291. What is the highest common divisor of 266 and w?
266
Let f = -588 + 583. Let r be f + 7 + -2 - 13*-41. Calculate the greatest common divisor of r and 41.
41
Let n(j) = -4*j + 44. Let o be n(10). Suppose 4*s = o*t - 152, -11*s + 12*s + 106 = 3*t. Calculate the highest common divisor of 68 and t.
34
Suppose t + 2*z - 371 = 0, -z + 2*z + 1113 = 3*t. Calculate the highest common factor of t and 424.
53
Let j = -33 - -81. Suppose -69*m = 83*m - 125*m - 6804. Calculate the greatest common divisor of m and j.
12
Let b = 75 + -77. Let o(z) = -32*z**3 - 5*z**2 - 6*z + 1. Let j be o(b). Calculate the greatest common factor of j and 83.
83
Let i be (-1)/(3 + -2) - (-4 - -3). Let n be (-1)/((-6)/510 - i). What is the greatest common divisor of 10 and n?
5
Let z be -1*(3 - (4 - 2)). Let k = 19 + -22. Let a be (-1617)/(-9) - (0 - z/k). Calculate the greatest common factor of 36 and a.
36
Suppose 4*u = -5*t - 6 + 185, u = -t + 36. Let q(y) = y**3 - 35*y**2 + 2*y - 2. Let z be q(t). What is the greatest common factor of z and 238?
34
Let i(x) = -x**3 + 34*x**2 - 32*x + 4. Let r(m) = -m**2 + m + 1. Let o(j) = i(j) - 2*r(j). Let l be o(35). Calculate the greatest common factor of l and 1.
1
Suppose -175*m = 2*p - 173*m - 112, -4*m = -5*p + 280. What is the highest common factor of p and 322?
14
Suppose -4*a = -3*f - 2*f - 26, -10 = -3*a - f. Suppose -2*m - a*s = -26, 0*m - m + 6 = -5*s. What is the greatest common divisor of m and 253?
11
Let q be (2/(-4))/(5/(-30))*646/38. What is the highest common divisor of q and 6?
3
Suppose -8*k + 4*m + 186 = -6*k, 0 = -3*k + 3*m + 288. Let g = 42 + -15. What is the highest common divisor of k and g?
9
Let d(n) = -5*n + 34 - 4*n + 11*n. Let j be d(-15). Suppose 2*o = t - 22, -t + j*o + o = -7. Calculate the greatest common factor of t and 96.
32
Let z = -183 - -186. Suppose z*m = 621 + 171. Calculate the greatest common factor of 24 and m.
24
Suppose -2*h + 2 = 0, -w - 4*h = w + 94. Let l = w - -94. Suppose -l = -5*g + 3*q, 2*g + q - 23 = 6. Calculate the highest common factor of 96 and g.
12
Let f be 0 + ((-1008)/(-1))/4. Suppose 393 = 3*m + w, -3*m + 144 + f = 2*w. What is the highest common factor of 26 and m?
26
Suppose -32*r + 31454 = -87938 - 27552. What is the greatest common factor of r and 672?
112
Let o(k) = -10*k - 35. Let x be -15 - -9 - (-2 - -1). Let a be o(x). Calculate the greatest common factor of 9 and a.
3
Let y(q) = -7*q + 3. Let d be y(0). Suppose c = -d*h + 133, 31*h - 32*h - c = -45. What is the greatest common divisor of h and 6?
2
Let d be 1712212/3108 - 4/(-42). Calculate the highest common divisor of d and 319.
29
Suppose 5*i = 29*i - 264. Let t be -2*(-3 - 18 - 1). Calculate the greatest common divisor of t and i.
11
Suppose -5*v + 4*o + 8 = -8, 4 = -2*v - o. Let i be 1 - v - (-4)/2. Let k be (2*40)/2 - 9/i. Calculate the highest common factor of k and 407.
37
Let j = -695 + 3769. Calculate the greatest common divisor of 106 and j.
106
Let q be 4/(-10) + 11/(110/24). Suppose 5*n - 52 = 3*n - 4*v, -q*n - 3*v + 54 = 0. Calculate the greatest common factor of n and 5.
5
Let z(y) be the third derivative of -5/6*y**3 + 1/4*y**4 + 0 - 32*y**2 + 1/60*y**5 + 0*y. Let s be z(-8). What is the greatest common factor of 121 and s?
11
Let r(b) = b**2 - 25*b + 16. Let f be r(23). Let s(t) = 3*t**2 + 84*t + 72. Let i be s(f). Calculate the highest common factor of 28 and i.
28
Let n(z) = -z + 7. Suppose -41 - 3 = 3*l + h, 2*l = -2*h - 36. Let r = 9 + l. Let d be n(r). Calculate the greatest common divisor of 88 and d.
11
Let f = -924 + 1872. Suppose -8*v = -f - 716. Calculate the greatest common divisor of 32 and v.
16
Suppose 38*i - 40*i = -52. Suppose -22*d - 256 = -i*d. Calculate the greatest common divisor of d and 12.
4
Let n(d) = 15*d - 6. Let y be n(6). Let c(l) = 5*l**2 - 11*l + 24. Let k be c(3). What is the greatest common divisor of y and k?
12
Suppose 0*w + 18531 = 29*w. Suppose -w*j + 966 = -637*j. Calculate the greatest comm